{"id":25,"date":"2019-07-17T16:05:58","date_gmt":"2019-07-17T14:05:58","guid":{"rendered":"http:\/\/guillaumederubrouck.fr\/?page_id=25"},"modified":"2019-07-17T16:05:58","modified_gmt":"2019-07-17T14:05:58","slug":"informations-legales","status":"publish","type":"page","link":"https:\/\/guillaumederubrouck.fr\/index.php\/informations-legales\/","title":{"rendered":"Informations l\u00e9gales"},"content":{"rendered":"\n<p>Le site est \u00e9dit\u00e9 par l&rsquo;association Guillaume de Rubrouck \u00e0 Rubrouck (59285 &#8211; France)<\/p>\n\n\n\n<p><strong>Responsabilit\u00e9 quant au contenu<\/strong><br>Le(s) \ngestionnaire(s) du site utilisent des photos r\u00e9alis\u00e9es lors des \n\u00e9v\u00e8nements annuels de l&rsquo;association Guillaume de Rubrouck. Cependant, \nles personnes figurant sur le site et ne le souhaitant plus peuvent \ndemander le retrait de leur image au webmaster<\/p>\n\n\n\n<p>Nous remercions toutes les personnes qui contribuent au site de l&rsquo;Association et \u00e0 la r\u00e9daction des articles. <\/p>\n\n\n\n<p>Toute reproduction totale ou partielle ou copie des contenus images  ou textes pr\u00e9sents sur le site sont soumises \u00e0 l&rsquo;autorisation \u00e9crite des  gestionnaires du site.<\/p>\n\n\n\n<p><br> Ce site a \u00e9t\u00e9 r\u00e9alis\u00e9 pour l&rsquo;association Guillaume de Rubrouck sous WordPress<br> Cr\u00e9dit photographique : rD (sauf mention particuli\u00e8re)<\/p>\n\n\n\n<p>\u00a9 Guillaume de Rubrouck 2019. Tous droits r\u00e9serv\u00e9s pour les textes, les images et les illustrations.<\/p>\n","protected":false},"excerpt":{"rendered":"<p>Le site est \u00e9dit\u00e9 par l&rsquo;association Guillaume de Rubrouck \u00e0 Rubrouck (59285 &#8211; France) Responsabilit\u00e9 quant au contenuLe(s) gestionnaire(s) du site utilisent des photos r\u00e9alis\u00e9es lors des \u00e9v\u00e8nements annuels de l&rsquo;association Guillaume de Rubrouck. Cependant, les personnes figurant sur le site et ne le souhaitant plus peuvent demander le retrait de leur image au webmaster [&hellip;]<\/p>\n","protected":false},"author":1,"featured_media":0,"parent":0,"menu_order":0,"comment_status":"closed","ping_status":"closed","template":"","meta":{"footnotes":""},"_links":{"self":[{"href":"https:\/\/guillaumederubrouck.fr\/index.php\/wp-json\/wp\/v2\/pages\/25"}],"collection":[{"href":"https:\/\/guillaumederubrouck.fr\/index.php\/wp-json\/wp\/v2\/pages"}],"about":[{"href":"https:\/\/guillaumederubrouck.fr\/index.php\/wp-json\/wp\/v2\/types\/page"}],"author":[{"embeddable":true,"href":"https:\/\/guillaumederubrouck.fr\/index.php\/wp-json\/wp\/v2\/users\/1"}],"replies":[{"embeddable":true,"href":"https:\/\/guillaumederubrouck.fr\/index.php\/wp-json\/wp\/v2\/comments?post=25"}],"version-history":[{"count":1,"href":"https:\/\/guillaumederubrouck.fr\/index.php\/wp-json\/wp\/v2\/pages\/25\/revisions"}],"predecessor-version":[{"id":26,"href":"https:\/\/guillaumederubrouck.fr\/index.php\/wp-json\/wp\/v2\/pages\/25\/revisions\/26"}],"wp:attachment":[{"href":"https:\/\/guillaumederubrouck.fr\/index.php\/wp-json\/wp\/v2\/media?parent=25"}],"curies":[{"name":"wp","href":"https:\/\/api.w.org\/{rel}","templated":true}]}}

Informations légales

<p>Le site est édité par l&rsquo;association Guillaume de Rubrouck à Rubrouck (59285 &#8211; France)</p>



<p><strong>Responsabilité quant au contenu</strong><br>Le(s) 
gestionnaire(s) du site utilisent des photos réalisées lors des 
évènements annuels de l&rsquo;association Guillaume de Rubrouck. Cependant, 
les personnes figurant sur le site et ne le souhaitant plus peuvent 
demander le retrait de leur image au webmaster</p>



<p>Nous remercions toutes les personnes qui contribuent au site de l&rsquo;Association et à la rédaction des articles. </p>



<p>Toute reproduction totale ou partielle ou copie des contenus images  ou textes présents sur le site sont soumises à l&rsquo;autorisation écrite des  gestionnaires du site.</p>



<p><br> Ce site a été réalisé pour l&rsquo;association Guillaume de Rubrouck sous WordPress<br> Crédit photographique : rD (sauf mention particulière)</p>



<p>© Guillaume de Rubrouck 2019. Tous droits réservés pour les textes, les images et les illustrations.</p>

<p>Le site est édité par l&rsquo;association Guillaume de Rubrouck à Rubrouck (59285 &#8211; France) Responsabilité quant au contenuLe(s) gestionnaire(s) du site utilisent des photos réalisées lors des évènements annuels de l&rsquo;association Guillaume de Rubrouck. Cependant, les personnes figurant sur le site et ne le souhaitant plus peuvent demander le retrait de leur image au webmaster [&hellip;]</p>
